2660958177?
3, 251, 977, 3617
What are the prime factors of 78719750?
2, 5, 314879
List the prime factors of 221198482.
2, 110599241
List the prime factors of 755206835.
5, 29, 1619, 3217
What are the prime factors of 50342656?
2, 7, 13, 2161
List the prime factors of 34102614.
2, 3, 7, 13, 62459
List the prime factors of 3635744160.
2, 3, 5, 7574467
List the prime factors of 4192253631.
3, 23, 6750811
What are the prime factors of 162543310?
2, 5, 16254331
List the prime factors of 1623473505.
3, 5, 29, 1244041
List the prime factors of 2918686298.
2, 11, 132667559
What are the prime factors of 459435162?
2, 3, 19, 4030133
List the prime factors of 21119318.
2, 11, 959969
What are the prime factors of 1837339559?
11, 1009, 165541
What are the prime factors of 115898950?
2, 5, 2317979
List the prime factors of 58503189.
3, 19501063
List the prime factors of 46514492.
2, 29, 281, 1427
What are the prime factors of 215510610?
2, 3, 5, 7, 641, 1601
List the prime factors of 53927134.
2, 23, 1172329
What are the prime factors of 43654511?
73, 598007
List the prime factors of 5583710646.
2, 3, 103402049
What are the prime factors of 22792177?
107, 293, 727
What are the prime factors of 502106190?
2, 3, 5, 16736873
List the prime factors of 352381164.
2, 3, 29365097
What are the prime factors of 134174803?
7, 67, 73, 3919
List the prime factors of 4824304339.
1297, 3719587
List the prime factors of 2618853473.
59, 463, 95869
What are the prime factors of 651389677?
29, 59, 380707
List the prime factors of 520999138.
2, 11, 257, 8377
List the prime factors of 2991798647.
1289, 2321023
List the prime factors of 584371613.
7, 2351, 35509
What are the prime factors of 129016721?
129016721
List the prime factors of 4201573866.
2, 3, 7, 100037473
List the prime factors of 451144515.
3, 5, 37, 509, 1597
List the prime factors of 51019682.
2, 7, 520609
List the prime factors of 39277989.
3, 397, 10993
List the prime factors of 21682327.
17, 113, 11287
What are the prime factors of 1408929461?
157, 383, 23431
What are the prime factors of 268320933?
3, 41, 727157
What are the prime factors of 642629134?
2, 7, 19, 53, 79, 577
List the prime factors of 682273920.
2, 3, 5, 17, 20903
What are the prime factors of 309440127?
3, 103146709
What are the prime factors of 61636515?
3, 5, 4109101
List the prime factors of 269660507.
1433, 188179
What are the prime factors of 4083951?
3, 1361317
List the prime factors of 1336539572.
2, 19, 1493, 11779
List the prime factors of 184222513.
184222513
What are the prime factors of 355137393?
3, 13, 29, 314003
List the prime factors of 1655731652.
2, 2551, 162263
What are the prime factors of 51097035?
3, 5, 11, 53, 5843
What are the prime factors of 287192084?
2, 17, 4223413
List the prime factors of 1200331277.
1200331277
What are the prime factors of 851694271?
17, 41, 71879
List the prime factors of 89714076.
2, 3, 23, 325051
List the prime factors of 113272173.
3, 7, 17, 29, 521
List the prime factors of 654900542.
2, 53, 313, 19739
List the prime factors of 3764707294.
2, 1882353647
List the prime factors of 993233155.
5, 198646631
What are the prime factors of 5065035886?
2, 2532517943
What are the prime factors of 83191767?
3, 27730589
List the prime factors of 10393473.
3, 3464491
List the prime factors of 262025038.
2, 11, 11910229
List the prime factors of 542016072.
2, 3, 13, 227, 2551
What are the prime factors of 739593397?
439, 1289, 1307
What are the prime factors of 73341309?
3, 79, 309457
What are the prime factors of 33037338?
2, 3, 23, 53, 4517
What are the prime factors of 412693316?
2, 7, 29, 508243
List the prime factors of 22857093.
3, 7, 120937
List the prime factors of 22140773.
22140773
List the prime factors of 515063294.
2, 257531647
What are the prime factors of 42299995?
5, 17, 307, 1621
List the prime factors of 34312558.
2, 7, 263, 9319
What are the prime factors of 237054964?
2, 59263741
What are the prime factors of 59221406?
2, 43, 688621
List the prime factors of 158512644.
2, 3, 4403129
What are the prime factors of 312973700?
2, 5, 13, 19, 12671
What are the prime factors of 328101093?
3, 179, 203663
What are the prime factors of 16301935?
5, 13, 250799
What are the prime factors of 30850898?
2, 13, 1186573
What are the prime factors of 56467397?
7, 8066771
What are the prime factors of 2569249922?
2, 103, 1721, 7247
What are the prime factors of 93973266?
2, 3, 37, 141101
List the prime factors of 53709229.
7, 157, 48871
What are the prime factors of 67649762?
2, 23, 601, 2447
What are the prime factors of 231204510?
2, 3, 5, 23, 31, 1201
List the prime factors of 1393243897.
29, 107, 448999
What are the prime factors of 3316203543?
3, 1105401181
What are the prime factors of 783471405?
3, 5, 73, 715499
What are the prime factors of 2026170123?
3, 675390041
What are the prime factors of 14800622?
2, 59, 125429
List the prime factors of 513480897.
3, 19017811
List the prime factors of 1790789025.
3, 5, 89, 268283
List the prime factors of 455269617.
3, 11, 41, 112163
List the prime factors of 160534946.
2, 11, 13, 563, 997
What are the prime factors of 484984405?
5, 19, 1237, 4127
What are the prime factors of 387098727?
3, 181, 712889
What are the prime factors of 14162890?
2, 5, 7, 202327
List the prime factors of 3409737715.
5, 239, 2853337
List the prime factors of 5088332437.
22783, 223339
List the prime factors of 1755114193.
7, 730993
List the prime factors of 75343507.
17, 37, 119783
What are the prime factors of 30887922?
2, 3, 13, 461, 859
List the prime factors of 116792468.
2, 13, 19, 118211
List the prime factors of 43763013.
3, 7, 694651
What are the prime factors of 84248328?
2, 3, 17, 31, 6661
List the prime factors of 65024768.
2, 254003
What are the prime factors of 56619467?
191, 296437
What are the prime factors of 69643008?
2, 3, 167, 181
What are the prime factors of 586998483?
3, 19, 29, 355111
List the prime factors of 33439014.
2, 3, 7, 88463
List the prime factors of 1117381536.
2, 3, 3879797
List the prime factors of 826552291.
17, 48620723
List the prime factors of 1241830403.
11, 112893673
List the prime factors of 2777921560.
2, 5, 73, 951343
List the prime factors of 2143833725.
5, 11, 7795759
List the prime factors of 92766531.
3, 11, 13, 19, 599
List the prime factors of 3556088553.
3, 293, 887, 4561
List the prime factors of 129497315.
5, 1583, 16361
What are the prime factors of 2131321069?
251, 8491319
List the prime factors of 43366230.
2, 3, 5, 481847
What are the prime factors of 1057332474?
2, 3, 11, 1780021
What are the prime factors of 17737700?
2, 5, 89, 1993
What are the prime factors of 108563243?
23, 4720141
List the prime factors of 6398848735.
5, 53, 67, 103, 3499
List the prime factors of 4257645502.
2, 11, 53, 3651497
List the prime factors of 99117779.
99117779
List the prime factors of 5791600928.
2, 23, 7869023
What are the prime factors of 8591840085?
3, 5, 22639, 25301
What are the prime factors of 1130430311?
41, 43, 641197
What are the prime factors of 206527784?
2, 37, 697729
List the prime factors of 33628130.
2, 5, 443, 7591
What are the prime factors of 2517959093?
13, 67, 2890883
List the prime factors of 161487408.
2, 3, 317, 10613
List the prime factors of 119267550.
2, 3, 5, 107, 2477
What are the prime factors of 80880532?
2, 20220133
List the prime factors of 899536206.
2, 3, 8053, 18617
List the prime factors of 54528433.
54528433
List the prime factors of 134544749.
17, 7914397
List the prime factors of 55010874.
2, 3, 1559, 5881
What are the prime factors of 22496362?
2, 7, 47, 179, 191
List the prime factors of 3119397037.
29423, 106019
List the prime factors of 26349579.
3, 127, 23053
What are the prime factors of 27830399?
127, 419, 523
List the prime factors of 33279079.
557, 59747
What are the prime factors of 9992075?
5, 31, 12893
List the prime factors of 43744505.
5, 7, 23, 1109
What are the prime factors of 208170636?
2, 3, 2657, 6529
What are the prime factors of 50182272?
2, 3, 7, 127
What are the prime factors of 464491545?
3, 5, 7, 4423729
What are the prime factors of 135758829?
3, 45252943
What are the prime factors of 216665525?
5, 29, 37, 41, 197
List the prime factors of 7734120843.
3, 257804028